-5 - 5490a?
-54910
In base 14, what is -c + -9a2?
-9b0
In base 5, what is -3341 + -3412?
-12303
In base 16, what is 866 + 48?
8ae
In base 10, what is -2 - -63354?
63352
In base 6, what is -11304 - -251?
-11013
In base 9, what is -3 - 34813?
-34816
In base 11, what is 522254 + -5?
52224a
In base 14, what is -5 - -7b8d8?
7b8d3
In base 6, what is -43 + -3121?
-3204
In base 6, what is 11 - 103323?
-103312
In base 7, what is 5 - 166623?
-166615
In base 11, what is 1 + -848187?
-848186
In base 4, what is -1000 + -111202?
-112202
In base 4, what is 11111022 + -3?
11111013
In base 5, what is 3013 - 131224?
-123211
In base 16, what is ffd8 + 7?
ffdf
In base 2, what is -110111 + -10000101?
-10111100
In base 14, what is -64 - -38c0?
385a
In base 13, what is 5b - -b5c?
bba
In base 10, what is -1123 - 2499?
-3622
In base 9, what is 4 + 844?
848
In base 14, what is 42c074 + -3?
42c071
In base 3, what is -2210 + 120010020?
120000110
In base 7, what is 5442 - -21?
5463
In base 13, what is b3 - -175?
258
In base 8, what is 2016 + -56?
1740
In base 13, what is 7 + -23c66?
-23c5c
In base 10, what is -38856 + -2?
-38858
In base 15, what is -3012 + 5?
-300c
In base 14, what is -8a88 - 5?
-8a8d
In base 3, what is -221 - -1220101021?
1220100100
In base 11, what is -42604 - 38?
-42641
In base 14, what is 1 - -85aaa?
85aab
In base 7, what is 1005 + 22215?
23223
In base 16, what is 1 - 207f?
-207e
In base 3, what is -1011110 + 12012?
-222021
In base 11, what is -72 + 3248?
3186
In base 7, what is -111 - -120?
6
In base 12, what is -4 - 17016?
-1701a
In base 12, what is 5184 + -2?
5182
In base 5, what is -3044 - 132001?
-140100
In base 10, what is -12273 + -15?
-12288
In base 2, what is 11 + -1011010101010010000?
-1011010101010001101
In base 8, what is -115 + 6516?
6401
In base 10, what is -3980 - 69?
-4049
In base 11, what is 90 - -746?
826
In base 9, what is 34524 + 3?
34527
In base 5, what is 12 + 343143?
343210
In base 9, what is -1420 - -74?
-1335
In base 3, what is -20 - 1220201120?
-1220201210
In base 13, what is 12c + -2c0?
-191
In base 9, what is 4 + 101380?
101384
In base 7, what is -5 + -6066?
-6104
In base 5, what is -3131 - 40411?
-44042
In base 5, what is -3 - 1340304?
-1340312
In base 15, what is -5d4e97 + 4?
-5d4e93
In base 10, what is 1777488 + 5?
1777493
In base 5, what is -23311101 - 1?
-23311102
In base 11, what is 41 + -2170a?
-21679
In base 9, what is -238 - -3480?
3241
In base 5, what is -1000101 - 2323?
-1002424
In base 16, what is 1146a + 26?
11490
In base 2, what is 11010 + 100100101?
100111111
In base 11, what is 54 + 600?
654
In base 13, what is -37771 - -12?
-3775c
In base 11, what is 41 - -1233?
1274
In base 15, what is 8 + 13883?
1388b
In base 14, what is -63 - -722b?
71a8
In base 8, what is -1323 - -2?
-1321
In base 6, what is 3302211 - 1?
3302210
In base 11, what is -805 - 596?
-12a0
In base 4, what is 0 - -1133?
1133
In base 6, what is 214534 + -5?
214525
In base 3, what is 121 + -120211?
-120020
In base 8, what is 35 + 1163?
1220
In base 6, what is -42 - 11035?
-11121
In base 3, what is -121121212 + 2?
-121121210
In base 12, what is -a8 - -3395?
32a9
In base 4, what is -133133 + 130011?
-3122
In base 14, what is -53c - 4b8?
-a16
In base 6, what is 44 + -2240453?
-2240405
In base 5, what is 2100330 - 23?
2100302
In base 2, what is 1111101111110100 + 101?
1111101111111001
In base 10, what is 12516 + 65?
12581
In base 3, what is 100121001 - 2122?
100111102
In base 13, what is 4737 + -9a?
466a
In base 7, what is -445520 + -5?
-445525
In base 5, what is -423021334 - -4?
-423021330
In base 15, what is 1582 + a?
158c
In base 9, what is -5536 + -1?
-5537
In base 5, what is -1021 - 2123?
-3144
In base 10, what is -264 + 300?
36
In base 9, what is -21327 - -1?
-21326
In base 5, what is -3 - -1211234?
1211231
In base 4, what is 10 - -1030103?
1030113
In base 10, what is -4 + 12509?
12505
In base 14, what is -2303 + 4?
-22dd
In base 16, what is fe1 + -51?
f90
In base 15, what is -511 - -61?
-4a0
In base 11, what is 199a594 - -1?
199a595
In base 10, what is 150823 - 1?
150822
In base 14, what is -338 - -a5?
-273
In base 10, what is -5 + 11534?
11529
In base 8, what is 111 - -726?
1037
In base 13, what is 6 - -c568?
c571
In base 8, what is 1 - -3752765?
3752766
In base 2, what is -111101000011 + -111?
-111101001010
In base 2, what is -111001001110 - 111111101?
-1000001001011
In base 2, what is -1 - -101010110110111?
101010110110110
In base 16, what is -3 - -638fd?
638fa
In base 8, what is -12472 + -23?
-12515
In base 3, what is 1100 + -1112001210?
-1112000110
In base 8, what is 101 + -2145?
-2044
In base 14, what is c - 58d9?
-58cb
In base 7, what is 111 - -54051?
54162
In base 16, what is -90d + 0?
-90d
In base 8, what is 7 - -13250?
13257
In base 11, what is -603 + -a4?
-6a7
In base 4, what is -131 + -10203?
-11000
In base 2, what is -11010 + -11011001010?
-11011100100
In base 7, what is 301 - 166?
102
In base 15, what is -cc + 9677?
959a
In base 16, what is 38968 + -c?
3895c
In base 5, what is -2432 - -24404?
21422
In base 15, what is -14 - 8ba?
-8ce
In base 3, what is -12101201 - -101?
-12101100
In base 8, what is -5263031 - 4?
-5263035
In base 6, what is 0 - 331413?
-331413
In base 7, what is 4 + -543605?
-543601
In base 12, what is -3 - a8561?
-a8564
In base 9, what is 1131630 - 4?
1131625
In base 2, what is 111011001111 + 10011?
111011100010
In base 11, what is -8520 - 1?
-8521
In base 15, what is -3d05c + 1?
-3d05b
In base 14, what is -31cc8 + 1c?
-31caa
In base 10, what is 635 + -205?
430
In base 3, what is -220121002 - -12?
-220120220
In base 3, what is -1022111120 - -101?
-1022111012
In base 6, what is 450 - 242?
204
In base 12, what is -4064a + 11?
-40639
In base 16, what is 2 - 989e?
-989c
In base 13, what is 982 + 0?
982
In base 7, what is -21 + 1513302?
1513251
In base 5, what is -4 - -110411012?
110411003
In base 13, what is -1186 - -4?
-1182
In base 14, what is -7 - 9cbd?
-9cc6
In base 9, what is -6405 - -162?
-6233
In base 13, what is 1a + 584a?
5867
In base 8, what is -457230 + 14?
-457214
In base 7, what is -404 - 1252?
-1656
In base 4, what is 130000003 - -2?
130000011
In base 8, what is 70 + -43441?
-43351
In base 12, what is 6a96b5 - 1?
6a96b4
In base 11, what is -92163 - 1?
-92164
In base 5, what is 1 + 2421011?
2421012
In base 14, what is -d11 - -b?
-d04
In base 2, what is 1010001110 + -1110111100?
-100101110
In base 6, what is -3434 - 13?
-3451
In base 5, what is -214 + -111414?
-112133
In base 2, what is -11001101000100000 - -11?
-11001101000011101
In base 5, what is 2211 + 2023?
4234
In base 3, what is 11 + -100222221020?
-100222221002
In base 7, what is 4 + 1156045?
1156052
In base 15, what is -2ab3c0 + 4?
-2ab3bb
In base 14, what is -2 + -7a5a4?
-7a5a6
In base 16, what is -2b - -96?
6b
In base 6, what is 410 + 1422?
2232
In base 11, what is -1 + -15219?
-1521a
In base 11, what is 35 + a144?
a179
In base 5, what is -4110 + -20?
-4130
In base 11, what is -59a + 4534?
3a45
In base 16, what is 5 + 25c?
261
In base 7, what is -43 + 365?
322
In base 7, what is -5 - -205565?
205560
In base 7, what is 2 - 533050?
-533045
In base 10, what is -560 - 3528?
-4088
In base 10, what is -39 + 21746?
21707
In base 16, what is 1 + -42e6c?
-42e6b
In base 11, what is 52 + 146?
198
In base 6, what is -15452 + -15?
-15511
In base 6, what is -11523 - 10?
-11533
In base 15, what is 5 - -39d9?
39de
In base 4, what is 33010130 - -12?
33010202
In base 16, what is -61a34 + -1?
-61a35
In base 5, what is 404214 + 22?
404241
In base 2, what is 10011101100011110 + 101?
10011101100100011
In base 12, what is -666 + 127?
-53b
In base 7, what is 2210322 + -5?
2210314
In base 9, what is -844503 + -5?
-844508
In base 12, what is -3315 - -11a?
-31b7
In base 12, what is 19944 - 5?
1993b
In base 10, what is 535 + -1548?
-1013
In base 12, what is -2 - 363888?
-36388a
In base 4, what is 0 - -102223200?
102223200
In base 5, what is 10134033 + 13?
10134101
In base 6, what is 21 - -330?
351
In base 9, what is 2085682 + -1?
2085681
In base 5, what is 210440423 - -10?
210440433
In base 10, what is 981 - -879?
1860
In base 9, what is -1 - -376754?
376753
In base 16, what is 8a34 - 6?
8a2e
In base 15, what is -1a96 + a?
-1a8b
In base 11, what is 32 - 3950?
-3919
I